(-1)/(-1))*1. Suppose -4*w + n - 14 = 0. Give y(w).
8
Let h(o) = 1. Let g be (0 + 1)/((-4)/(-16)). Let p be -1 + (g - 2) + 0. Let f(b) = -b**2 + 6*b - 7. Let x(c) = p*f(c) + 5*h(c). Give x(4).
6
Let w(z) = -z**2 - z + 15. Suppose 0*p + 3*p = 5*p. Determine w(p).
15
Let k(c) = 0 - c**2 + 1 - 9*c + 10*c. Let t = -7 + 7. Determine k(t).
1
Let x(u) be the third derivative of u**4/12 + u**3/2 + 4*u**2. What is x(-2)?
-1
Let x(g) = 2*g**2 - 6*g - 2. Let d be x(3). Let w(c) = c**2 + c - 2. Calculate w(d).
0
Let p(a) be the second derivative of -a**3/6 - 4*a**2 + 3*a. Give p(0).
-8
Suppose -2*s - i - 7 = 0, 2*i - 1 + 5 = s. Suppose 0 = -3*r + r. Let u(j) = 2*j - 4*j - 3 + r*j. Determine u(s).
1
Let k(q) be the first derivative of q**2/2 + 2. Let h be k(-1). Let j(c) be the first derivative of 7*c**3/3 + 3. What is j(h)?
7
Let b(x) = 2*x + 9*x - x. Let h(q) = -q**2 + 1. Let u be h(0). What is b(u)?
10
Let j(s) = -13*s**2 + 1. Let b be 2 - (-5)/(-9 + 4). Calculate j(b).
-12
Let j(q) = -5*q + 1. Let a be -3 - (2 - 24/4). What is j(a)?
-4
Let w(f) = 12*f - 2*f**2 - 2*f + 3 - 6 - 6*f. What is w(2)?
-3
Let g = -22 - -19. Let j(o) = o**2 + o + 3. Calculate j(g).
9
Let m(h) be the second derivative of -h**5/20 + h**4/2 - 5*h**3/6 + 2*h**2 + 4*h. Let p = 13 + -8. Give m(p).
4
Let u(z) = -2*z**2 - 6*z + 5. Let l(a) = -a**2 - 2*a + 3. Let i be l(2). Determine u(i).
-15
Suppose 5*b - 6*b = 0. Let q(v) = b*v - 4*v**2 + 2 - 3*v - 7 - v**3 + 2. Give q(-2).
-5
Let f(n) be the third derivative of n**6/360 + n**5/120 + n**4/24 + 2*n**2. Let w(d) be the second derivative of f(d). Let g = -31 - -33. What is w(g)?
5
Let l(r) = 3*r + 1. Let j = 58 - 61. What is l(j)?
-8
Let d(p) = 3*p - 4. Let k = 24 + -22. Determine d(k).
2
Let x(s) = -2*s - 7. Let w be x(-4). Let u(l) = -4*l**3 - l. What is u(w)?
-5
Let j = 7 + 1. Let f = -5 + j. Suppose -u - f*u = 0. Let o(i) = -i + 1. Give o(u).
1
Suppose -8 = 2*b - a, -3*b - a + 1 - 13 = 0. Let n be b/6 + (-85)/(-15). Let p(o) = -o**2 + 2*o + 6. Give p(n).
-9
Let n(b) = -2*b - 8. Let t(i) = 5. Let f(c) = 4. Let y(x) = 4*f(x) - 3*t(x). Let v(s) = n(s) + 4*y(s). Give v(-5).
6
Let t(r) = r**3 + 4*r**2 + 4*r - 1. Let a(p) = -4*p**3 + p. Let u be a(1). Let n be t(u). Let x(m) = m**3 + 3*m**2 - 7*m - 6. Give x(n).
6
Let w(s) be the second derivative of 1/20*s**5 - 10*s + 5/6*s**3 - 7/2*s**2 + 1/2*s**4 + 0. What is w(-5)?
-7
Suppose -2*a + 3 + 1 = 0. Let r be -2 + (1 - (a - 1)). Let m be 0 + (-1 - (2 + r)). Let x(y) = 6*y**3 + y**2 + 2*y + 1. Calculate x(m).
-6
Let y(c) be the first derivative of -c**2/2 + 5*c + 6. Calculate y(0).
5
Let b be 1/((-78)/(-15) - 5). Let d(o) = o**3 - 4*o**2 - o - 4. Give d(b).
16
Suppose -4*r + 36 = -0*r. Let j(q) = 2*q + 3 - r*q**2 + 18 + 4*q. Let u(l) = 5*l**2 - 3*l - 11. Let m(k) = 4*j(k) + 7*u(k). What is m(5)?
-3
Suppose -2*j = -3*j. Let q(o) be the first derivative of o**5/120 - 5*o**4/24 + o**3/3 - 4. Let w(h) be the third derivative of q(h). What is w(j)?
-5
Let i(j) = 4*j**2 + 3*j + 3. Let m(c) = 6*c**2 + 4*c + 4. Suppose 2*b - b + 7 = 0. Let v(a) = b*i(a) + 5*m(a). Determine v(2).
5
Let i(d) = -5*d**2. Let f(u) = -36*u**2 + 15*u. Let s(v) = -5*v**2 + 2*v. Let n(l) = 2*f(l) - 15*s(l). Let j(q) = -5*i(q) - 8*n(q). Calculate j(3).
9
Let s(h) = h**3 - 3*h**2 + 2*h - 1. Let q(r) = 3*r**3 - 8*r**2 + 5*r - 3. Let a(c) = -4*q(c) + 11*s(c). Calculate a(-2).
1
Let q(b) = -b + 5 + 13*b**2 - 5. Let t(x) = x**2 + x - 1. Let c be t(-2). Determine q(c).
12
Let n(z) be the third derivative of -1/8*z**4 + 0 + 0*z + 3*z**2 + 1/15*z**5 + 0*z**3. Suppose 4*g + 2 = 5*c, -2*g - 3 - 1 = -4*c. What is n(c)?
10
Let c(j) = 7*j - 1. Let w = 8 - 12. Let s be w*(1 - 9/6). Let i be s/(-8) + 15/12. What is c(i)?
6
Let x = 6 - 4. Suppose 0*z - 4*z = 4, z = -l + 1. Let h(s) = 0*s + s - s + l*s. Calculate h(x).
4
Let s(i) = 3*i - 1. Let a = 13 + -18. What is s(a)?
-16
Let n(l) = 2*l**2 - 4*l**2 - 6*l - 4 - 3*l + l**2. Let i be n(-8). Let h(s) = -2 + s**2 - i*s**2 + 3 - 2*s. Calculate h(-2).
-7
Let w(d) = d**3 - 2*d**2 + 4*d - 4. Let z be w(2). Let i(y) = -y + 1. Determine i(z).
-3
Let i(c) = c**3 + 7*c**2 + 6*c - 7. Suppose 5*t + 26 = -14. Let n(y) = -11*y + 1. Let v be n(-1). Let o be (t/v)/((-2)/(-18)). Give i(o).
-7
Suppose -19*a = -21*a + 8. Let m(z) = 6*z**3 - 2*z + 1. Let c be m(1). Let b(o) = 0 + 0 + c + 0*o + o. Determine b(a).
9
Let a(c) be the first derivative of 2*c - 1 + 0*c**2 + 1/3*c**3. Let o = 2 - 2. Determine a(o).
2
Suppose 6*z + 46 - 10 = 0. Let f(y) = y**3 + 6*y**2 + 2*y - 3. Determine f(z).
-15
Let s(d) be the third derivative of -d**3 + 0*d + 7/24*d**4 - 2*d**2 + 1/120*d**6 - 1/12*d**5 + 0. Give s(4).
6
Let n(o) = 4*o + 2. Let k(b) be the first derivative of b**2 - 3*b + 2. Let i be k(5). Let g = 5 - i. Give n(g).
-6
Let c(l) = -l - 7. Let k = -11 + 5. Calculate c(k).
-1
Let w(t) = t - 1. Let d(g) = -g - 4*g + 2*g + 6. Let h(r) = d(r) + 4*w(r). Let y be -3 + 1 - 0/2. Calculate h(y).
0
Let f(r) be the first derivative of -1/3*r**3 - 6*r + 3 - 7/2*r**2. Give f(-5).
4
Let w(t) = 5*t**2 - 14*t + 4. Let m(i) = -i**2 + i - 1. Let l(s) = -6*m(s) - w(s). Calculate l(-3).
-13
Let a(x) = 8*x + 1. Let l be (1/3)/(1/(-3)). Let h = 0 - l. Calculate a(h).
9
Let f(t) = 5*t - 7. Let a(m) = -4*m + 7. Let p(y) = 6*a(y) + 5*f(y). Calculate p(-3).
4
Let c(f) = -3*f**2 - 15*f - 15. Let x(v) = -v**2 - 5*v - 5. Let h(r) = -6*c(r) + 17*x(r). Determine h(-5).
5
Let k be (0 - 0)*1 + 2. Suppose u = -k*u + 6. Suppose 2*v = v + u. Let f(r) = 2*r - 1. Give f(v).
3
Let q = 23 + -21. Let d(c) = -4*c + 2 + 2 + 3*c. Calculate d(q).
2
Suppose 8*s + 17 = -15. Let q(z) = -z - 6. What is q(s)?
-2
Let o(p) = -15*p**2 - 1. Let n be o(1). Let f = n + 18. Let l(j) be the second derivative of -j**4/12 + 5*j**3/6 - j**2 - j. Calculate l(f).
4
Let o(p) = 2*p - 1 - p**3 - p**2 - 2*p**3 + p**3. Suppose -2*w - 5*r - 11 = 3, 0 = -2*w - 4*r - 12. Give o(w).
7
Let v(w) = -w**3 - 5*w**2 + w - 5. Let i(n) = 2*n**2 - 18*n + 11. Let d be i(8). Give v(d).
-10
Let j(f) = f**3 - 5*f**2 - 6*f - 1. Let s = 0 + 5. Suppose 5*q - 38 = 2*q - s*z, -3*q + 2*z + 10 = 0. Determine j(q).
-1
Let p(g) = -5*g - 2. Let t(f) = 4*f + 2. Let l(v) = 2*p(v) + 3*t(v). What is l(7)?
16
Let l(t) = 12*t - 13*t - 12 + 1. Calculate l(-11).
0
Let x be 33/(-77) - 31/(-7). Let r(a) = -a**3 + 3*a**2 + 8*a + 7. Let z(s) = -s**3 + 3*s**2 + 9*s + 8. Let u(t) = 7*r(t) - 6*z(t). Determine u(x).
-7
Let k(s) = 5*s - 4. Let w(v) = 2*v**2 - 50*v + 6. Let m be w(25). What is k(m)?
26
Let k be -8 - (-2 + -4)/2. Let v(o) = 2*o + 5. Let i be v(k). Let j(y) = -y**2 - 4*y - 2. Calculate j(i).
-7
Let i(d) = d**3 + d - 1. Let s(m) = -4*m**3 - m**2 - 2*m + 8. Let g be (1/2)/((-1)/6). Let j(y) = g*i(y) - s(y). Calculate j(0).
-5
Let o(s) be the second derivative of 3*s + 0 + 0*s**3 - 5/2*s**2 - 1/12*s**4. Give o(0).
-5
Let w(p) = p**2 + 4*p + 2. Suppose 0*o + o + 10 = 0. Let c = 7 + o. Determine w(c).
-1
Let n(v) be the third derivative of -v**7/5040 + v**5/30 - 9*v**2. Let s(x) be the third derivative of n(x). Calculate s(3).
-3
Let p be (-1 - (-2)/(-10))*5. Let q(s) = -3 + 6 - 5*s**2 + 7*s + 4 + 1 - s**3. Calculate q(p).
2
Let z(s) = s - 2. Let v(i) = -i - 13. Let o be v(-5). Determine z(o).
-10
Let b(h) = 3 + 3*h - 3. Let u(y) = y + 11. Let r(i) = -i**2 - i + 2. Let l be r(3). Let s be u(l). Give b(s).
3
Let n(z) = z**2 + z - 5. Suppose 0 = 2*o + 2*c + 8, -2*o + 0*o - 4 = -2*c. Let s(g) = 0 + 2 + g + g. Let f be s(o). What is n(f)?
7
Let z(p) = 2 - 3*p - 2*p**2 - 4*p**2 + 16*p. Let x(d) = 5*d**2 - 12*d - 2. Let w(c) = -7*x(c) - 6*z(c). Calculate w(-6).
2
Let a = -51 + 35. Let l = -19 - a. Let o(i) = -i**2 - 4*i + 1. Calculate o(l).
4
Suppose -2*d - 4*l = -12, -2*d + 3*l + 1 = 3. Suppose 0 = -3*j + 2*j + d. Let v(r) = -1 + r**2 - r**j + r**2 - 2. Determine v(0).
-3
Let x(h) = 0*h**2 - 8*h - h**2 - 8 + 4 - 7. Give x(-8).
-11
Let t(n) = 2 - 2 - 7*n - 1. Suppose -2 = 4*s + 2. Let r be s + (0 - 0 - -2). Give t(r).
-8
Let x(m) = -1. Let j(a) = -a**2 - 6. Let w = 23 - 24. Let o(y) = w*j(y) + 6*x(y). Determine o(-3).
9
Let v = -4 + 4. Let y(u) = u + 5. Let f be y(v). Let j(c) = c + 5. Give j(f).
10
Let o(k) = -3*k + 1. Let r(w) be the second derivative of -w**4/12 - 2*w**3/3 + 3*w. Let j be r(-4). Let b = j + -1. Calcu